{"id":42,"date":"2018-11-29T14:19:19","date_gmt":"2018-11-29T14:19:19","guid":{"rendered":"http:\/\/supervision-michaelschneider.de\/?page_id=42"},"modified":"2019-01-10T22:20:24","modified_gmt":"2019-01-10T22:20:24","slug":"start","status":"publish","type":"page","link":"http:\/\/supervision-michaelschneider.de\/","title":{"rendered":"Herzlich Willkommen"},"content":{"rendered":"\n<h3>Sie suchen Begleitung f\u00fcr sich oder Ihr Team.<br><\/h3>\n\n\n\n<p>Etwas steckt fest oder hindert Sie, Ihre Arbeit zu tun.<\/p>\n\n\n\n<p>Die Zusammenarbeit mit Kolleg*innen l\u00e4uft nicht so, wie Sie sich das w\u00fcnschen.<\/p>\n\n\n\n<p>Die Performance Ihres Teams soll sich verbessern.<\/p>\n\n\n\n<p>Sie sind irritiert oder verunsichert von \u00e4u\u00dferen, st\u00f6renden Faktoren.<br><\/p>\n\n\n\n<p>Eigene F\u00e4higkeiten und Projekte kommen nicht zur vollen Geltung. <\/p>\n\n\n\n<p>Konflikte im Team oder mit der Leitung behindern die Erreichung von Zielen .<br><\/p>\n\n\n\n<blockquote class=\"wp-block-quote is-style-large\"><p>Wie w\u00e4re es, wenn all das gel\u00f6st w\u00e4re?<\/p><p><\/p><\/blockquote>\n\n\n\n<p>Wenn sie solche oder \u00e4hnliche Fragen in Beruf oder Alltag besch\u00e4ftigen, sind sie nicht alleine. Ich begleite Sie gerne. <br><\/p>\n","protected":false},"excerpt":{"rendered":"<p>Sie suchen Begleitung f\u00fcr sich oder Ihr Team. Etwas steckt fest oder hindert Sie, Ihre Arbeit zu tun. Die Zusammenarbeit mit Kolleg*innen l\u00e4uft nicht so, wie Sie sich das w\u00fcnschen. Die Performance Ihres Teams soll sich verbessern. Sie sind irritiert oder verunsichert von \u00e4u\u00dferen, st\u00f6renden Faktoren. Eigene F\u00e4higkeiten und Projekte kommen nicht zur vollen Geltung. &hellip; <\/p>\n<p class=\"link-more\"><a href=\"http:\/\/supervision-michaelschneider.de\/\" class=\"more-link\"><span class=\"screen-reader-text\">\u201eHerzlich Willkommen\u201c<\/span> weiterlesen<\/a><\/p>\n","protected":false},"author":1,"featured_media":0,"parent":0,"menu_order":0,"comment_status":"closed","ping_status":"closed","template":"","meta":[],"_links":{"self":[{"href":"http:\/\/supervision-michaelschneider.de\/index.php?rest_route=\/wp\/v2\/pages\/42"}],"collection":[{"href":"http:\/\/supervision-michaelschneider.de\/index.php?rest_route=\/wp\/v2\/pages"}],"about":[{"href":"http:\/\/supervision-michaelschneider.de\/index.php?rest_route=\/wp\/v2\/types\/page"}],"author":[{"embeddable":true,"href":"http:\/\/supervision-michaelschneider.de\/index.php?rest_route=\/wp\/v2\/users\/1"}],"replies":[{"embeddable":true,"href":"http:\/\/supervision-michaelschneider.de\/index.php?rest_route=%2Fwp%2Fv2%2Fcomments&post=42"}],"version-history":[{"count":10,"href":"http:\/\/supervision-michaelschneider.de\/index.php?rest_route=\/wp\/v2\/pages\/42\/revisions"}],"predecessor-version":[{"id":131,"href":"http:\/\/supervision-michaelschneider.de\/index.php?rest_route=\/wp\/v2\/pages\/42\/revisions\/131"}],"wp:attachment":[{"href":"http:\/\/supervision-michaelschneider.de\/index.php?rest_route=%2Fwp%2Fv2%2Fmedia&parent=42"}],"curies":[{"name":"wp","href":"https:\/\/api.w.org\/{rel}","templated":true}]}}